{"id":808,"date":"2024-01-15T21:46:21","date_gmt":"2024-01-15T21:46:21","guid":{"rendered":"https:\/\/jeanlouiscourtinat.fr\/?page_id=808"},"modified":"2024-02-15T10:52:12","modified_gmt":"2024-02-15T10:52:12","slug":"rapho-2020","status":"publish","type":"page","link":"https:\/\/jeanlouiscourtinat.fr\/index.php\/rapho-2020\/","title":{"rendered":"Rapho, 2020"},"content":{"rendered":"\t\t<div data-elementor-type=\"wp-page\" data-elementor-id=\"808\" class=\"elementor elementor-808\">\n\t\t\t\t<div class=\"elementor-element elementor-element-ab094af e-con-full e-flex wpr-particle-no wpr-jarallax-no wpr-parallax-no wpr-sticky-section-no e-con e-parent\" data-id=\"ab094af\" data-element_type=\"container\">\n\t\t<div class=\"elementor-element elementor-element-fbeb900 e-con-full e-flex wpr-particle-no wpr-jarallax-no wpr-parallax-no wpr-sticky-section-no e-con e-child\" data-id=\"fbeb900\" data-element_type=\"container\">\n\t\t\t\t<\/div>\n\t\t<div class=\"elementor-element elementor-element-d203c70 e-con-full e-flex wpr-particle-no wpr-jarallax-no wpr-parallax-no wpr-sticky-section-no e-con e-child\" data-id=\"d203c70\" data-element_type=\"container\">\n\t\t\t\t<div class=\"elementor-element elementor-element-862f38a elementor-widget elementor-widget-heading\" data-id=\"862f38a\" data-element_type=\"widget\" data-widget_type=\"heading.default\">\n\t\t\t\t<div class=\"elementor-widget-container\">\n\t\t\t\t\t<h1 class=\"elementor-heading-title elementor-size-default\">Rapho\n<br><br>Livre collectif. 2020.\n<\/h1>\t\t\t\t<\/div>\n\t\t\t\t<\/div>\n\t\t\t\t<div class=\"elementor-element elementor-element-daca734 elementor-widget elementor-widget-text-editor\" data-id=\"daca734\" data-element_type=\"widget\" data-widget_type=\"text-editor.default\">\n\t\t\t\t<div class=\"elementor-widget-container\">\n\t\t\t\t\t\t\t\t\t<p>En 1972, au lyc\u00e9e de Semur-en-Auxois, il passe le clair de son temps au labo-photo de l&#8217;\u00e9cole. Il r\u00e9alise ses premi\u00e8res images et d\u00e9cide d&#8217;abandonner ses \u00e9tudes. Deux ans plus tard, il d\u00e9couvre l&#8217;\u0153uvre d&#8217;Eugene Smith, ce qui va d\u00e9terminer son engagement photographique.<\/p><p>En 1980, il obtient t le prix des jeunes photographes aux Rencontres internationales de la photographie d&#8217;Arles. Il entre \u00e0 l&#8217;agence Viva et commence une s\u00e9rie de reportages sociaux dans le domaine de la sant\u00e9. En 1986, il rejoint l&#8217;agence Rapho. Son travail se caract\u00e9rise par un engagement sur la dur\u00e9e et une tr\u00e8s grande proximit\u00e9 avec les sujets photographi\u00e9s. En 1988, il travaille un an dans le service des urgences de l&#8217;h\u00f4pital d&#8217;Aix-en-Provence.<\/p>\t\t\t\t\t\t\t\t<\/div>\n\t\t\t\t<\/div>\n\t\t\t\t<div class=\"elementor-element elementor-element-61ed9c7 elementor-widget elementor-widget-toggle\" data-id=\"61ed9c7\" data-element_type=\"widget\" data-widget_type=\"toggle.default\">\n\t\t\t\t<div class=\"elementor-widget-container\">\n\t\t\t\t\t\t\t<div class=\"elementor-toggle\">\n\t\t\t\t\t\t\t<div class=\"elementor-toggle-item\">\n\t\t\t\t\t<div id=\"elementor-tab-title-1021\" class=\"elementor-tab-title\" data-tab=\"1\" role=\"button\" aria-controls=\"elementor-tab-content-1021\" aria-expanded=\"false\">\n\t\t\t\t\t\t\t\t\t\t\t\t<span class=\"elementor-toggle-icon elementor-toggle-icon-left\" aria-hidden=\"true\">\n\t\t\t\t\t\t\t\t\t\t\t\t\t\t\t<span class=\"elementor-toggle-icon-closed\"><svg class=\"e-font-icon-svg e-fas-caret-right\" viewBox=\"0 0 192 512\" xmlns=\"http:\/\/www.w3.org\/2000\/svg\"><path d=\"M0 384.662V127.338c0-17.818 21.543-26.741 34.142-14.142l128.662 128.662c7.81 7.81 7.81 20.474 0 28.284L34.142 398.804C21.543 411.404 0 402.48 0 384.662z\"><\/path><\/svg><\/span>\n\t\t\t\t\t\t\t\t<span class=\"elementor-toggle-icon-opened\"><svg class=\"elementor-toggle-icon-opened e-font-icon-svg e-fas-caret-up\" viewBox=\"0 0 320 512\" xmlns=\"http:\/\/www.w3.org\/2000\/svg\"><path d=\"M288.662 352H31.338c-17.818 0-26.741-21.543-14.142-34.142l128.662-128.662c7.81-7.81 20.474-7.81 28.284 0l128.662 128.662c12.6 12.599 3.676 34.142-14.142 34.142z\"><\/path><\/svg><\/span>\n\t\t\t\t\t\t\t\t\t\t\t\t\t<\/span>\n\t\t\t\t\t\t\t\t\t\t\t\t<a class=\"elementor-toggle-title\" tabindex=\"0\">continuer \u00e0 lire<\/a>\n\t\t\t\t\t<\/div>\n\n\t\t\t\t\t<div id=\"elementor-tab-content-1021\" class=\"elementor-tab-content elementor-clearfix\" data-tab=\"1\" role=\"region\" aria-labelledby=\"elementor-tab-title-1021\"><p>Il s&#8217;installe ensuite \u00e0 Paris et r\u00e9alise pendant deux ans un reportage \u00e0 l&#8217;Institut Curie, puis obtient une commande du Centre national de la photographie sur la prison de Poissy. En 1991, il se voit d\u00e9cerner le prix Niepce. Depuis, il encha\u00eene les reportages au long cours sur des sujets en France et en Europe.<\/p><p>En 1998, il entame une s\u00e9rie de reportages sur l&#8217;abandon des enfants en Roumanie et leurs conditions de vie dans les orphelinats. Il y reviendra en 2001, puis en 2008. Il collabore \u00e9galement depuis 1994 avec les Petits Fr\u00e8res des Pauvres, pour qui il a r\u00e9alis\u00e9 de nombreux reportages. En 1994, il effectue un reportage sur le centre d&#8217;h\u00e9bergement des personnes sans-abri de Nanterre. En 2011, c&#8217;est une commande de la Mairie de Paris sur le mal-logement, <em>Vivre avec toit<\/em>. Jean-Louis Courtinat avance ainsi depuis des d\u00e9cennies, trait d&#8217;union entre la &#8220;photographie humaniste&#8221; -il fut assistant de Robert Doisneau, et la &#8220;photographie engag\u00e9e&#8221;, dans la lign\u00e9e d&#8217;Eugene Smith.<\/p><\/div>\n\t\t\t\t<\/div>\n\t\t\t\t\t\t\t\t<\/div>\n\t\t\t\t\t\t<\/div>\n\t\t\t\t<\/div>\n\t\t\t\t<div class=\"elementor-element elementor-element-3d3f2af elementor-widget__width-initial elementor-widget-tablet__width-inherit elementor-widget elementor-widget-image\" data-id=\"3d3f2af\" data-element_type=\"widget\" data-widget_type=\"image.default\">\n\t\t\t\t<div class=\"elementor-widget-container\">\n\t\t\t\t\t\t\t\t\t\t\t\t\t\t\t\t<a href=\"https:\/\/jeanlouiscourtinat.fr\/wp-content\/uploads\/2024\/01\/couverture-Rapho-scaled.jpg\" data-elementor-open-lightbox=\"yes\" data-e-action-hash=\"#elementor-action%3Aaction%3Dlightbox%26settings%3DeyJpZCI6NzIyLCJ1cmwiOiJodHRwczpcL1wvamVhbmxvdWlzY291cnRpbmF0LmZyXC93cC1jb250ZW50XC91cGxvYWRzXC8yMDI0XC8wMVwvY291dmVydHVyZS1SYXBoby1zY2FsZWQuanBnIn0%3D\">\n\t\t\t\t\t\t\t<img fetchpriority=\"high\" decoding=\"async\" width=\"2560\" height=\"2117\" src=\"https:\/\/jeanlouiscourtinat.fr\/wp-content\/uploads\/2024\/01\/couverture-Rapho-scaled.jpg\" class=\"attachment-full size-full wp-image-722\" alt=\"\" srcset=\"https:\/\/jeanlouiscourtinat.fr\/wp-content\/uploads\/2024\/01\/couverture-Rapho-scaled.jpg 2560w, https:\/\/jeanlouiscourtinat.fr\/wp-content\/uploads\/2024\/01\/couverture-Rapho-300x248.jpg 300w, https:\/\/jeanlouiscourtinat.fr\/wp-content\/uploads\/2024\/01\/couverture-Rapho-1024x847.jpg 1024w, https:\/\/jeanlouiscourtinat.fr\/wp-content\/uploads\/2024\/01\/couverture-Rapho-768x635.jpg 768w, https:\/\/jeanlouiscourtinat.fr\/wp-content\/uploads\/2024\/01\/couverture-Rapho-1536x1270.jpg 1536w, https:\/\/jeanlouiscourtinat.fr\/wp-content\/uploads\/2024\/01\/couverture-Rapho-2048x1694.jpg 2048w\" sizes=\"(max-width: 2560px) 100vw, 2560px\" \/>\t\t\t\t\t\t\t\t<\/a>\n\t\t\t\t\t\t\t\t\t\t\t\t\t\t\t<\/div>\n\t\t\t\t<\/div>\n\t\t\t\t<div class=\"elementor-element elementor-element-065f040 elementor-widget__width-initial elementor-widget-tablet__width-inherit elementor-widget elementor-widget-image\" data-id=\"065f040\" data-element_type=\"widget\" data-widget_type=\"image.default\">\n\t\t\t\t<div class=\"elementor-widget-container\">\n\t\t\t\t\t\t\t\t\t\t\t\t<figure class=\"wp-caption\">\n\t\t\t\t\t\t\t\t\t\t\t<a href=\"https:\/\/jeanlouiscourtinat.fr\/wp-content\/uploads\/2024\/01\/00117-scaled.jpg\" data-elementor-open-lightbox=\"yes\" data-elementor-lightbox-description=\"SDF. Un homme fait s\u00e9cher son linge. Centre d&#039;h\u00e9bergement pour les personnes sans-abri. Nanterre. 1995. Photo issue du livre &quot; les damn\u00e9s de Nanterre&quot;, photo-poche, \u00e9ditions Nathan.\" data-e-action-hash=\"#elementor-action%3Aaction%3Dlightbox%26settings%3DeyJpZCI6MTczNywidXJsIjoiaHR0cHM6XC9cL2plYW5sb3Vpc2NvdXJ0aW5hdC5mclwvd3AtY29udGVudFwvdXBsb2Fkc1wvMjAyNFwvMDFcLzAwMTE3LXNjYWxlZC5qcGcifQ%3D%3D\">\n\t\t\t\t\t\t\t<img decoding=\"async\" width=\"1672\" height=\"2560\" src=\"https:\/\/jeanlouiscourtinat.fr\/wp-content\/uploads\/2024\/01\/00117-scaled.jpg\" class=\"attachment-full size-full wp-image-1737\" alt=\"\" srcset=\"https:\/\/jeanlouiscourtinat.fr\/wp-content\/uploads\/2024\/01\/00117-scaled.jpg 1672w, https:\/\/jeanlouiscourtinat.fr\/wp-content\/uploads\/2024\/01\/00117-196x300.jpg 196w, https:\/\/jeanlouiscourtinat.fr\/wp-content\/uploads\/2024\/01\/00117-669x1024.jpg 669w, https:\/\/jeanlouiscourtinat.fr\/wp-content\/uploads\/2024\/01\/00117-768x1176.jpg 768w, https:\/\/jeanlouiscourtinat.fr\/wp-content\/uploads\/2024\/01\/00117-1003x1536.jpg 1003w, https:\/\/jeanlouiscourtinat.fr\/wp-content\/uploads\/2024\/01\/00117-1337x2048.jpg 1337w\" sizes=\"(max-width: 1672px) 100vw, 1672px\" \/>\t\t\t\t\t\t\t\t<\/a>\n\t\t\t\t\t\t\t\t\t\t\t<figcaption class=\"widget-image-caption wp-caption-text\">SDF. Un homme fait s\u00e9cher son linge. Centre d'h\u00e9bergement pour les personnes sans-abri. Nanterre. 1995. Photo issue du livre \" les damn\u00e9s de Nanterre\", photo-poche, \u00e9ditions Nathan.<\/figcaption>\n\t\t\t\t\t\t\t\t\t\t<\/figure>\n\t\t\t\t\t\t\t\t\t<\/div>\n\t\t\t\t<\/div>\n\t\t\t\t<div class=\"elementor-element elementor-element-d760052 elementor-widget elementor-widget-image\" data-id=\"d760052\" data-element_type=\"widget\" data-widget_type=\"image.default\">\n\t\t\t\t<div class=\"elementor-widget-container\">\n\t\t\t\t\t\t\t\t\t\t\t\t<figure class=\"wp-caption\">\n\t\t\t\t\t\t\t\t\t\t\t<a href=\"https:\/\/jeanlouiscourtinat.fr\/wp-content\/uploads\/2024\/01\/00142-scaled.jpg\" data-elementor-open-lightbox=\"yes\" data-elementor-lightbox-description=\"SDF. Arriv\u00e9e d&#039;une femme amen\u00e9e par un bus de la pr\u00e9fecture de police. Centre d&#039;h\u00e9bergement pour les personnes sans-abri. Nanterre. 1994. Photo issue du livre &quot; les damn\u00e9s de Nanterre&quot;, photo-poche, \u00e9ditions Nathan.\" data-e-action-hash=\"#elementor-action%3Aaction%3Dlightbox%26settings%3DeyJpZCI6MTczOCwidXJsIjoiaHR0cHM6XC9cL2plYW5sb3Vpc2NvdXJ0aW5hdC5mclwvd3AtY29udGVudFwvdXBsb2Fkc1wvMjAyNFwvMDFcLzAwMTQyLXNjYWxlZC5qcGcifQ%3D%3D\">\n\t\t\t\t\t\t\t<img decoding=\"async\" width=\"2560\" height=\"1726\" src=\"https:\/\/jeanlouiscourtinat.fr\/wp-content\/uploads\/2024\/01\/00142-scaled.jpg\" class=\"attachment-full size-full wp-image-1738\" alt=\"\" srcset=\"https:\/\/jeanlouiscourtinat.fr\/wp-content\/uploads\/2024\/01\/00142-scaled.jpg 2560w, https:\/\/jeanlouiscourtinat.fr\/wp-content\/uploads\/2024\/01\/00142-300x202.jpg 300w, https:\/\/jeanlouiscourtinat.fr\/wp-content\/uploads\/2024\/01\/00142-1024x690.jpg 1024w, https:\/\/jeanlouiscourtinat.fr\/wp-content\/uploads\/2024\/01\/00142-768x518.jpg 768w, https:\/\/jeanlouiscourtinat.fr\/wp-content\/uploads\/2024\/01\/00142-1536x1035.jpg 1536w, https:\/\/jeanlouiscourtinat.fr\/wp-content\/uploads\/2024\/01\/00142-2048x1381.jpg 2048w\" sizes=\"(max-width: 2560px) 100vw, 2560px\" \/>\t\t\t\t\t\t\t\t<\/a>\n\t\t\t\t\t\t\t\t\t\t\t<figcaption class=\"widget-image-caption wp-caption-text\">SDF. Arriv\u00e9e d'une femme amen\u00e9e par un bus de la pr\u00e9fecture de police. Centre d'h\u00e9bergement pour les personnes sans-abri. Nanterre. 1994. Photo issue du livre \" les damn\u00e9s de Nanterre\", photo-poche, \u00e9ditions Nathan.<\/figcaption>\n\t\t\t\t\t\t\t\t\t\t<\/figure>\n\t\t\t\t\t\t\t\t\t<\/div>\n\t\t\t\t<\/div>\n\t\t\t\t<div class=\"elementor-element elementor-element-89bfdbe elementor-widget__width-initial elementor-widget-tablet__width-inherit elementor-widget elementor-widget-image\" data-id=\"89bfdbe\" data-element_type=\"widget\" data-widget_type=\"image.default\">\n\t\t\t\t<div class=\"elementor-widget-container\">\n\t\t\t\t\t\t\t\t\t\t\t\t<figure class=\"wp-caption\">\n\t\t\t\t\t\t\t\t\t\t\t<a href=\"https:\/\/jeanlouiscourtinat.fr\/wp-content\/uploads\/2024\/01\/00145-scaled.jpg\" data-elementor-open-lightbox=\"yes\" data-elementor-lightbox-description=\"SDF. Un sans-abri attend qu&#039;on lui donne des habits propres. Centre d&#039;h\u00e9bergement pour les personnes sans-abri. Nanterre. 1994. Photo issue du livre &quot; les damn\u00e9s de Nanterre&quot;, photo-poche, \u00e9ditions Nathan.\" data-e-action-hash=\"#elementor-action%3Aaction%3Dlightbox%26settings%3DeyJpZCI6MTczOSwidXJsIjoiaHR0cHM6XC9cL2plYW5sb3Vpc2NvdXJ0aW5hdC5mclwvd3AtY29udGVudFwvdXBsb2Fkc1wvMjAyNFwvMDFcLzAwMTQ1LXNjYWxlZC5qcGcifQ%3D%3D\">\n\t\t\t\t\t\t\t<img loading=\"lazy\" decoding=\"async\" width=\"1723\" height=\"2560\" src=\"https:\/\/jeanlouiscourtinat.fr\/wp-content\/uploads\/2024\/01\/00145-scaled.jpg\" class=\"attachment-full size-full wp-image-1739\" alt=\"\" srcset=\"https:\/\/jeanlouiscourtinat.fr\/wp-content\/uploads\/2024\/01\/00145-scaled.jpg 1723w, https:\/\/jeanlouiscourtinat.fr\/wp-content\/uploads\/2024\/01\/00145-202x300.jpg 202w, https:\/\/jeanlouiscourtinat.fr\/wp-content\/uploads\/2024\/01\/00145-689x1024.jpg 689w, https:\/\/jeanlouiscourtinat.fr\/wp-content\/uploads\/2024\/01\/00145-768x1141.jpg 768w, https:\/\/jeanlouiscourtinat.fr\/wp-content\/uploads\/2024\/01\/00145-1034x1536.jpg 1034w, https:\/\/jeanlouiscourtinat.fr\/wp-content\/uploads\/2024\/01\/00145-1379x2048.jpg 1379w\" sizes=\"(max-width: 1723px) 100vw, 1723px\" \/>\t\t\t\t\t\t\t\t<\/a>\n\t\t\t\t\t\t\t\t\t\t\t<figcaption class=\"widget-image-caption wp-caption-text\">SDF. Un sans-abri attend qu'on lui donne des habits propres. Centre d'h\u00e9bergement pour les personnes sans-abri. Nanterre. 1994. Photo issue du livre \" les damn\u00e9s de Nanterre\", photo-poche, \u00e9ditions Nathan.<\/figcaption>\n\t\t\t\t\t\t\t\t\t\t<\/figure>\n\t\t\t\t\t\t\t\t\t<\/div>\n\t\t\t\t<\/div>\n\t\t\t\t<\/div>\n\t\t<div class=\"elementor-element elementor-element-50281ef e-con-full e-flex wpr-particle-no wpr-jarallax-no wpr-parallax-no wpr-sticky-section-no e-con e-child\" data-id=\"50281ef\" data-element_type=\"container\">\n\t\t\t\t<\/div>\n\t\t\t\t<\/div>\n\t\t\t\t<\/div>\n\t\t","protected":false},"excerpt":{"rendered":"<p>Rapho Livre collectif. 2020. En 1972, au lyc\u00e9e de Semur-en-Auxois, il passe le clair de son temps au labo-photo de l&#8217;\u00e9cole. Il r\u00e9alise ses premi\u00e8res images et d\u00e9cide d&#8217;abandonner ses \u00e9tudes. Deux ans plus tard, il d\u00e9couvre l&#8217;\u0153uvre d&#8217;Eugene Smith, ce qui va d\u00e9terminer son engagement photographique. En 1980, il obtient t le prix des jeunes photographes aux Rencontres internationales de la photographie d&#8217;Arles. Il entre \u00e0 l&#8217;agence Viva et commence une s\u00e9rie de reportages sociaux dans le domaine de la sant\u00e9. En 1986, il rejoint l&#8217;agence Rapho. Son travail se caract\u00e9rise par un engagement sur la dur\u00e9e et une tr\u00e8s grande proximit\u00e9 avec les sujets photographi\u00e9s. En 1988, il travaille un an dans le service des urgences de l&#8217;h\u00f4pital d&#8217;Aix-en-Provence. continuer \u00e0 lire Il s&#8217;installe ensuite \u00e0 Paris et r\u00e9alise pendant deux ans un reportage \u00e0 l&#8217;Institut Curie, puis obtient une commande du Centre national de la photographie sur la prison de Poissy. En 1991, il se voit d\u00e9cerner le prix Niepce. Depuis, il encha\u00eene les reportages au long cours sur des sujets en France et en Europe. En 1998, il entame une s\u00e9rie de reportages sur l&#8217;abandon des enfants en Roumanie et leurs conditions de vie dans les orphelinats. Il y reviendra en 2001, puis en 2008. Il collabore \u00e9galement depuis 1994 avec les Petits Fr\u00e8res des Pauvres, pour qui il a r\u00e9alis\u00e9 de nombreux reportages. En 1994, il effectue un reportage sur le centre d&#8217;h\u00e9bergement des personnes sans-abri de Nanterre. En 2011, c&#8217;est une commande de la Mairie de Paris sur le mal-logement, Vivre avec toit. Jean-Louis Courtinat avance ainsi depuis des d\u00e9cennies, trait d&#8217;union entre la &#8220;photographie humaniste&#8221; -il fut assistant de Robert Doisneau, et la &#8220;photographie engag\u00e9e&#8221;, dans la lign\u00e9e d&#8217;Eugene Smith. SDF. Un homme fait s\u00e9cher son linge. Centre d&#8217;h\u00e9bergement pour les personnes sans-abri. Nanterre. 1995. Photo issue du livre &#8221; les damn\u00e9s de Nanterre&#8221;, photo-poche, \u00e9ditions Nathan. SDF. Arriv\u00e9e d&#8217;une femme amen\u00e9e par un bus de la pr\u00e9fecture de police. Centre d&#8217;h\u00e9bergement pour les personnes sans-abri. Nanterre. 1994. Photo issue du livre &#8221; les damn\u00e9s de Nanterre&#8221;, photo-poche, \u00e9ditions Nathan. SDF. Un sans-abri attend qu&#8217;on lui donne des habits propres. Centre d&#8217;h\u00e9bergement pour les personnes sans-abri. Nanterre. 1994. Photo issue du livre &#8221; les damn\u00e9s de Nanterre&#8221;, photo-poche, \u00e9ditions Nathan.<\/p>\n","protected":false},"author":1,"featured_media":722,"parent":0,"menu_order":0,"comment_status":"closed","ping_status":"closed","template":"","meta":{"footnotes":""},"_links":{"self":[{"href":"https:\/\/jeanlouiscourtinat.fr\/index.php\/wp-json\/wp\/v2\/pages\/808"}],"collection":[{"href":"https:\/\/jeanlouiscourtinat.fr\/index.php\/wp-json\/wp\/v2\/pages"}],"about":[{"href":"https:\/\/jeanlouiscourtinat.fr\/index.php\/wp-json\/wp\/v2\/types\/page"}],"author":[{"embeddable":true,"href":"https:\/\/jeanlouiscourtinat.fr\/index.php\/wp-json\/wp\/v2\/users\/1"}],"replies":[{"embeddable":true,"href":"https:\/\/jeanlouiscourtinat.fr\/index.php\/wp-json\/wp\/v2\/comments?post=808"}],"version-history":[{"count":14,"href":"https:\/\/jeanlouiscourtinat.fr\/index.php\/wp-json\/wp\/v2\/pages\/808\/revisions"}],"predecessor-version":[{"id":2292,"href":"https:\/\/jeanlouiscourtinat.fr\/index.php\/wp-json\/wp\/v2\/pages\/808\/revisions\/2292"}],"wp:featuredmedia":[{"embeddable":true,"href":"https:\/\/jeanlouiscourtinat.fr\/index.php\/wp-json\/wp\/v2\/media\/722"}],"wp:attachment":[{"href":"https:\/\/jeanlouiscourtinat.fr\/index.php\/wp-json\/wp\/v2\/media?parent=808"}],"curies":[{"name":"wp","href":"https:\/\/api.w.org\/{rel}","templated":true}]}}